se 13) in base 8?
473
What is -17b0 (base 14) in base 9?
-5764
Convert -10100000001101 (base 2) to base 6.
-115245
100021 (base 5) to base 15
de1
What is -111222 (base 3) in base 7?
-1046
4320 (base 5) to base 7
1464
What is 202110 (base 3) in base 8?
1050
-112222021 (base 3) to base 5
-322130
What is 2415 (base 11) in base 12?
19b6
Convert -4252 (base 6) to base 10.
-968
-2457 (base 13) to base 7
-20664
-368d (base 14) to base 9
-14062
Convert -100110010111111 (base 2) to base 5.
-1112042
What is -2015 (base 7) in base 3?
-221212
What is -6 (base 15) in base 14?
-6
44113 (base 10) to base 12
21641
-322 (base 9) to base 16
-107
What is -30 (base 16) in base 8?
-60
Convert 4503 (base 6) to base 13.
627
Convert 378 (base 12) to base 5.
4044
Convert 100101101110 (base 2) to base 14.
c46
What is 4a3c (base 13) in base 12?
6115
Convert 12021002 (base 4) to base 7.
133223
What is -43444 (base 8) in base 13?
-839c
What is 1750 (base 16) in base 5?
142333
-1232 (base 6) to base 14
-180
What is -135 (base 6) in base 10?
-59
5040 (base 6) to base 2
10001010000
125230 (base 8) to base 16
aa98
5312 (base 7) to base 14
979
-305 (base 13) to base 16
-200
What is -252043 (base 6) in base 16?
-57db
Convert 110210122 (base 3) to base 12.
5498
3210124 (base 5) to base 10
53789
What is -1111111101111 (base 2) in base 11?
-6162
Convert -23b9a (base 12) to base 7.
-260662
What is -2ef (base 16) in base 3?
-1000211
123402 (base 5) to base 16
12f4
Convert 11101 (base 2) to base 3.
1002
What is 611 (base 7) in base 4?
10232
-5135 (base 16) to base 4
-11010311
-37d3 (base 15) to base 10
-11898
Convert -547 (base 9) to base 4.
-13000
Convert 1cb3 (base 14) to base 15.
1853
What is 32e (base 16) in base 2?
1100101110
What is 5440 (base 6) in base 9?
1636
What is -f8f (base 16) in base 13?
-1a75
Convert -3d91 (base 14) to base 13.
-4c70
2000110 (base 3) to base 5
21340
Convert -20012 (base 4) to base 8.
-1006
What is 1186 (base 15) in base 12?
21a6
b7b4 (base 16) to base 9
71453
46434 (base 8) to base 5
1112430
What is 1231133 (base 5) in base 15?
7148
-189a2 (base 12) to base 11
-25038
Convert 312 (base 11) to base 10.
376
What is 40246 (base 8) in base 9?
24628
Convert 26c5 (base 13) to base 9.
7567
Convert -1342 (base 6) to base 4.
-11132
What is 6d (base 14) in base 10?
97
What is -16 (base 10) in base 12?
-14
Convert 100000110 (base 2) to base 14.
14a
-255231 (base 6) to base 2
-101101010100011
Convert 354 (base 11) to base 5.
3142
580 (base 9) to base 8
735
-29 (base 14) to base 7
-52
Convert 4251 (base 6) to base 12.
687
What is -966 (base 12) in base 7?
-4002
-142403 (base 7) to base 15
-814b
-1210043 (base 5) to base 3
-1010220012
What is -1115 (base 10) in base 11?
-924
What is -1888 (base 9) in base 10?
-1457
Convert -e07 (base 16) to base 11.
-2775
What is -64455 (base 7) in base 14?
-5b9c
10002 (base 6) to base 3
1210002
Convert 193 (base 14) to base 9.
401
Convert 41516 (base 7) to base 10.
10205
101000 (base 2) to base 9
44
-a746 (base 11) to base 15
-4322
Convert 101110011111110 (base 2) to base 12.
1193a
112120 (base 3) to base 16
189
What is -3966 (base 13) in base 15?
-2666
What is a75 (base 12) in base 9?
2078
What is 15405 (base 12) in base 5?
1424312
190 (base 14) to base 10
322
Convert 773 (base 10) to base 8.
1405
233 (base 12) to base 14
195
Convert 21405 (base 6) to base 16.
b8d
What is -3461 (base 14) in base 5?
-242401
-13831 (base 10) to base 6
-144011
What is -363 (base 13) in base 2?
-1001001100
303434 (base 5) to base 10
9869
What is -2301 (base 5) in base 12?
-232
What is 2f15 (base 16) in base 7?
50066
Convert 104661 (base 8) to base 2.
1000100110110001
What is -2c5a (base 16) in base 9?
-16515
ad (base 14) to base 6
413
What is -1c2 (base 15) in base 11?
-340
Convert 54 (base 11) to base 2.
111011
1001111101100 (base 2) to base 9
6886
What is 353323 (base 6) in base 4?
13131303
Convert 1530 (base 13) to base 14.
11a1
4413 (base 5) to base 7
1526
Convert -1423 (base 10) to base 8.
-2617
2301 (base 4) to base 12
129
430 (base 11) to base 7
1336
What is -19b4 (base 13) in base 4?
-330121
Convert -366a8 (base 11) to base 6.
-1044121
What is -247 (base 9) in base 6?
-541
-12013 (base 4) to base 7
-1066
What is -2633 (base 7) in base 13?
-5c3
Convert -5018 (base 10) to base 12.
-2aa2
Convert a116 (base 14) to base 4.
12300020
31 (base 9) to base 16
1c
What is -102202 (base 4) in base 14?
-60a
-10213103 (base 4) to base 2
-100100111010011
Convert 57731 (base 8) to base 15.
740c
What is 3277 (base 11) in base 5?
114234
What is -45c (base 13) in base 15?
-353
10912 (base 11) to base 8
36577
What is -10221 (base 8) in base 13?
-1c13
What is 3b6c (base 14) in base 15?
318e
What is 1676 (base 8) in base 11?
7a1
Convert -2330 (base 4) to base 14.
-d6
-233250 (base 8) to base 12
-3a034
-36105 (base 8) to base 5
-443204
What is 3a37 (base 13) in base 14?
306b
-321215 (base 6) to base 7
-136304
What is -47a (base 12) in base 6?
-3034
-465 (base 7) to base 3
-100000
Convert -1100111001101 (base 2) to base 6.
-50325
What is -1334224 (base 5) in base 11?
-19685
Convert 1011000 (base 3) to base 2.
1101000101
-1927 (base 13) to base 5
-110001
What is -1187 (base 10) in base 7?
-3314
-21d (base 14) to base 6
-1535
Convert -101110010 (base 2) to base 11.
-307
Convert 11110000011 (base 2) to base 15.
883
Convert 5e0 (base 16) to base 2.
10111100000
Convert -54660 (base 7) to base 6.
-143253
What is -e2ac (base 16) in base 10?
-58028
-2365 (base 10) to base 3
-10020121
Convert 2ab3 (base 12) to base 2.
1001110100111
-80b (base 13) to base 15
-60d
-8af (base 16) to base 12
-1353
What is 10314 (base 5) in base 8?
1305
1011 (base 7) to base 9
430
What is -1da (base 16) in base 8?
-732
6455 (base 7) to base 14
b9c
-4866 (base 10) to base 6
-34310
What is 2430 (base 6) in base 8?
1122
Convert -211112 (base 3) to base 13.
-37a
-c16 (base 15) to base 5
-41341
-17493 (base 14) to base 2
-1110010010101001
Convert b610 (base 13) to base 15.
76e9
-2212111001 (base 3) to base 10
-56485
Convert 10514 (base 6) to base 12.
a3a
12040 (base 6) to base 5
24002
What is -20003 (base 5) in base 13?
-755
What is -770 (base 8) in base 16?
-1f8
Convert -2213 (base 11) to base 14.
-10c6
What is -11200103 (base 4) in base 15?
-6a32
What is -6ba3 (base 12) in base 2?
-10111100101011
Convert -11514 (base 8) to base 9.
-6688
Convert -1005113 (base 6) to base 5.
-3012111
Convert -111111010000111 (base 2) to base 13.
-11988
Convert 2cc (base 16) to base 11.
5a1
-3232 (base 4) to base 15
-10d
What is 40333 (base 5) in base 6?
20001
525 (base 14) to base 2
1111110101
20868 (base 9) to base 5
420312
Convert 215522 (base 7) to base 5.
2203431
What is -14214 (base 5) in base 12?
-828
What is -7846 (base 16) in base 3?
-1120020101
81a7 (base 12) to base 14
51cb
What is 2043 (base 5) in base 11?
229
-1123313 (base 4) to base 12
-349b
What is -111020 (base 4) in base 7?
-3641
102012022 (base 3) to base 10
8162
What is -29e (base 15) in base 7?
-1514
Convert 11111101111 (base 2) to base 14.
a51
-1011011011 (base 2) to base 7
-2063
What is -53231 (base 7) in base 3?
-200001012
-202220 (base 3) to base 14
-2c4
What is -4200 (base 6) in base 9?
-1250
What is 145131 (base 7) in base 4?
12320211
Convert 30133333 (base 4) to base 2.
1100011111111111
What is 2f57 (base 16) in base 6?
132035
What is -d94a (base 14) in base 16?
-927e
What is 411 (base 5) in base 15?
71
Convert 11096 (base 12) to base 4.
11200302
What is 1111001101 (base 2) in base 6?
4301
Convert 31513 (base 8) to base 5.
410011
12b (base 12) to base 8
263
Convert -112 (base 11) to base 7.
-251
Convert 2c1 (base 15) to base 4.
21313
-232471 (base 8) to base 7
-446535
What is 1010110000010 (base 2) in base 12?
322a
-11234 (base 9) to base 13
-3538
254024 (base 6) to base 7
123541
-11364 (base 10) to base 15
-3579
What is -26788 (base 9) in base 10?
-18143
What is 14242 (base 7) in base 10?
3901
What is 4aa7 (base 14) in base 9?
18846
Convert 10011112100 (base 3) to base 6.
1200400
Convert -45264 (base 7) to base 11.
-8681
Convert -34a (base 15) to base 2.
-1011101001
Convert 266a (base 14) to base 9.
10238
-1414 (base 7) to base 8
-1046
Convert 65522 (base 7) to base 3.
211110202
41143 (base 8) to base 4
10021203
Convert -43a5 (base 13) t